{"id":2802,"date":"2016-06-13T13:50:26","date_gmt":"2016-06-13T10:50:26","guid":{"rendered":"http:\/\/nixe-demo1.rtthemes.com\/?page_id=2802"},"modified":"2019-05-30T18:21:55","modified_gmt":"2019-05-30T15:21:55","slug":"coresatin","status":"publish","type":"page","link":"http:\/\/www.biancopharma.com.tr\/index.php\/coresatin\/","title":{"rendered":"\u00dcr\u00fcnler"},"content":{"rendered":"<p>[vc_row rt_row_background_width=&#8221;fullwidth&#8221; rt_row_content_width=&#8221;fullwidth&#8221; rt_row_style=&#8221;default-style&#8221; rt_row_height=&#8221;&#8221; rt_row_borders=&#8221;&#8221; rt_row_shadows=&#8221;&#8221; rt_column_gaps=&#8221;&#8221; rt_row_paddings=&#8221;true&#8221; rt_bg_effect=&#8221;classic&#8221; rt_transparent_bg=&#8221;&#8221; rt_bg_image_repeat=&#8221;repeat&#8221; rt_bg_size=&#8221;cover&#8221; rt_bg_position=&#8221;right top&#8221; rt_bg_attachment=&#8221;scroll&#8221; rt_bg_video_format=&#8221;self-hosted&#8221; rt_padding_left=&#8221;0&#8243; rt_padding_right=&#8221;0&#8243;][vc_column rt_col_paddings=&#8221;false&#8221; rt_wrp_col_paddings=&#8221;false&#8221; rt_column_shadow=&#8221;&#8221; rt_border_top=&#8221;&#8221; rt_border_bottom=&#8221;&#8221; rt_border_left=&#8221;&#8221; rt_border_right=&#8221;&#8221; rt_border_top_mobile=&#8221;&#8221; rt_border_bottom_mobile=&#8221;&#8221; rt_border_left_mobile=&#8221;&#8221; rt_border_right_mobile=&#8221;&#8221; rt_bg_image_repeat=&#8221;repeat&#8221; rt_bg_size=&#8221;auto auto&#8221; rt_bg_position=&#8221;right top&#8221; rt_bg_attachment=&#8221;scroll&#8221; rt_bg_color=&#8221;&#8221; rt_bg_overlay_color=&#8221;&#8221;]\n<div id=\"portfolio-dynamicID-835004\" class=\"portfolio_list rt-gallery fixed_heights clearfix grid-gallery\" data-column-width=\"3\">\n<div class=\"row fixed_heights clearfix\">\n<div class=\"col col-sm-4   coresatin\">\n \n\n<!-- portfolio box-->\n<div class=\"loop style-1 global-style image post-3064 portfolio type-portfolio status-publish has-post-thumbnail hentry portfolio_categories-coresatin\" id=\"portfolio-3064\">\n\n\t \n\t\t\t\t<figure class=\"image-thumbnail\">\n\t\t\t\t\t<a href=\"http:\/\/www.biancopharma.com.tr\/index.php\/urun\/coresatin-fungicidal-barrier-cream-panthenol\/\" target=\"_self\" title=\"Coresatin<sup>&reg;<\/sup> Fungicidal Barrier Cream Panthenol\"><img src=\"http:\/\/www.biancopharma.com.tr\/wp-content\/uploads\/2017\/06\/pembe-600x900.jpg\" alt=\"\" class=\"\" \/><\/a>\n\t\t\t\t<\/figure>\n\n\t\t\t\t<section class=\"text\">\n\t\t\t\t\t<h5 class=\"title\"><a href=\"http:\/\/www.biancopharma.com.tr\/index.php\/urun\/coresatin-fungicidal-barrier-cream-panthenol\/\" target=\"_self\" rel=\"bookmark\">Coresatin<sup>&reg;<\/sup> Fungicidal Barrier Cream Panthenol<\/a><\/h5>\n\t\t\t\t\t\n\t\t\t\t\t\t\n\t\t\t\t\t<a class=\"read_more\" href=\"http:\/\/www.biancopharma.com.tr\/index.php\/urun\/coresatin-fungicidal-barrier-cream-panthenol\/\" target=\"_self\" rel=\"bookmark\">read more<\/a>\t\n\t\t\t\t<\/section>  \n\t\t\t\n<\/div> \n<!-- \/ portfolio box-->\n<\/div>\n<div class=\"col col-sm-4   coresatin\">\n \n\n<!-- portfolio box-->\n<div class=\"loop style-1 global-style image post-3079 portfolio type-portfolio status-publish has-post-thumbnail hentry portfolio_categories-coresatin\" id=\"portfolio-3079\">\n\n\t \n\t\t\t\t<figure class=\"image-thumbnail\">\n\t\t\t\t\t<a href=\"http:\/\/www.biancopharma.com.tr\/index.php\/urun\/coresatin-fungicidal-bariyer-krem-natural-seabuckthorn-oil\/\" target=\"_self\" title=\"Coresatin<sup>&reg;<\/sup> Fungicidal Bariyer Krem Natural Seabuckthorn Oil\"><img src=\"http:\/\/www.biancopharma.com.tr\/wp-content\/uploads\/2017\/06\/sar\u0131-600x900.jpg\" alt=\"\" class=\"\" \/><\/a>\n\t\t\t\t<\/figure>\n\n\t\t\t\t<section class=\"text\">\n\t\t\t\t\t<h5 class=\"title\"><a href=\"http:\/\/www.biancopharma.com.tr\/index.php\/urun\/coresatin-fungicidal-bariyer-krem-natural-seabuckthorn-oil\/\" target=\"_self\" rel=\"bookmark\">Coresatin<sup>&reg;<\/sup> Fungicidal Bariyer Krem Natural Seabuckthorn Oil<\/a><\/h5>\n\t\t\t\t\t\n\t\t\t\t\t\t\n\t\t\t\t\t<a class=\"read_more\" href=\"http:\/\/www.biancopharma.com.tr\/index.php\/urun\/coresatin-fungicidal-bariyer-krem-natural-seabuckthorn-oil\/\" target=\"_self\" rel=\"bookmark\">read more<\/a>\t\n\t\t\t\t<\/section>  \n\t\t\t\n<\/div> \n<!-- \/ portfolio box-->\n<\/div>\n<div class=\"col col-sm-4   coresatin\">\n \n\n<!-- portfolio box-->\n<div class=\"loop style-1 global-style image post-2764 portfolio type-portfolio status-publish has-post-thumbnail hentry portfolio_categories-coresatin\" id=\"portfolio-2764\">\n\n\t \n\t\t\t\t<figure class=\"image-thumbnail\">\n\t\t\t\t\t<a href=\"http:\/\/www.biancopharma.com.tr\/index.php\/urun\/fungicidal-barrier-cream-allantoin\/\" target=\"_self\" title=\"Coresatin<sup>&reg;<\/sup> Fungicidal Barrier Cream Allantoin\"><img src=\"http:\/\/www.biancopharma.com.tr\/wp-content\/uploads\/2016\/06\/mavi-600x900.jpg\" alt=\"\" class=\"\" \/><\/a>\n\t\t\t\t<\/figure>\n\n\t\t\t\t<section class=\"text\">\n\t\t\t\t\t<h5 class=\"title\"><a href=\"http:\/\/www.biancopharma.com.tr\/index.php\/urun\/fungicidal-barrier-cream-allantoin\/\" target=\"_self\" rel=\"bookmark\">Coresatin<sup>&reg;<\/sup> Fungicidal Barrier Cream Allantoin<\/a><\/h5>\n\t\t\t\t\t\n\t\t\t\t\t\t\n\t\t\t\t\t<a class=\"read_more\" href=\"http:\/\/www.biancopharma.com.tr\/index.php\/urun\/fungicidal-barrier-cream-allantoin\/\" target=\"_self\" rel=\"bookmark\">read more<\/a>\t\n\t\t\t\t<\/section>  \n\t\t\t\n<\/div> \n<!-- \/ portfolio box-->\n<\/div>\n<\/div>\n<div class=\"row fixed_heights clearfix\">\n<div class=\"col col-sm-4   coresatin\">\n \n\n<!-- portfolio box-->\n<div class=\"loop style-1 global-style image post-3069 portfolio type-portfolio status-publish has-post-thumbnail hentry portfolio_categories-coresatin\" id=\"portfolio-3069\">\n\n\t \n\t\t\t\t<figure class=\"image-thumbnail\">\n\t\t\t\t\t<a href=\"http:\/\/www.biancopharma.com.tr\/index.php\/urun\/coresatin-fungicidal-bariyer-krem-aloe-vera\/\" target=\"_self\" title=\"Coresatin<sup>&reg;<\/sup> Fungicidal Bariyer Krem Aloe Vera\"><img src=\"http:\/\/www.biancopharma.com.tr\/wp-content\/uploads\/2017\/06\/mor-600x900.jpg\" alt=\"\" class=\"\" \/><\/a>\n\t\t\t\t<\/figure>\n\n\t\t\t\t<section class=\"text\">\n\t\t\t\t\t<h5 class=\"title\"><a href=\"http:\/\/www.biancopharma.com.tr\/index.php\/urun\/coresatin-fungicidal-bariyer-krem-aloe-vera\/\" target=\"_self\" rel=\"bookmark\">Coresatin<sup>&reg;<\/sup> Fungicidal Bariyer Krem Aloe Vera<\/a><\/h5>\n\t\t\t\t\t\n\t\t\t\t\t\t\n\t\t\t\t\t<a class=\"read_more\" href=\"http:\/\/www.biancopharma.com.tr\/index.php\/urun\/coresatin-fungicidal-bariyer-krem-aloe-vera\/\" target=\"_self\" rel=\"bookmark\">read more<\/a>\t\n\t\t\t\t<\/section>  \n\t\t\t\n<\/div> \n<!-- \/ portfolio box-->\n<\/div>\n<div class=\"col col-sm-4   coresatin\">\n \n\n<!-- portfolio box-->\n<div class=\"loop style-1 global-style image post-3060 portfolio type-portfolio status-publish has-post-thumbnail hentry portfolio_categories-coresatin\" id=\"portfolio-3060\">\n\n\t \n\t\t\t\t<figure class=\"image-thumbnail\">\n\t\t\t\t\t<a href=\"http:\/\/www.biancopharma.com.tr\/index.php\/urun\/coresatin-fungicidal-barrier-cream-propolis\/\" target=\"_self\" title=\"Coresatin<sup>&reg;<\/sup> Fungicidal Barrier Cream Propolis\"><img src=\"http:\/\/www.biancopharma.com.tr\/wp-content\/uploads\/2017\/06\/ye\u015fil-600x900.jpg\" alt=\"\" class=\"\" \/><\/a>\n\t\t\t\t<\/figure>\n\n\t\t\t\t<section class=\"text\">\n\t\t\t\t\t<h5 class=\"title\"><a href=\"http:\/\/www.biancopharma.com.tr\/index.php\/urun\/coresatin-fungicidal-barrier-cream-propolis\/\" target=\"_self\" rel=\"bookmark\">Coresatin<sup>&reg;<\/sup> Fungicidal Barrier Cream Propolis<\/a><\/h5>\n\t\t\t\t\t\n\t\t\t\t\t\t\n\t\t\t\t\t<a class=\"read_more\" href=\"http:\/\/www.biancopharma.com.tr\/index.php\/urun\/coresatin-fungicidal-barrier-cream-propolis\/\" target=\"_self\" rel=\"bookmark\">read more<\/a>\t\n\t\t\t\t<\/section>  \n\t\t\t\n<\/div> \n<!-- \/ portfolio box-->\n<\/div>\n<div class=\"col col-sm-4   coresatin\">\n \n\n<!-- portfolio box-->\n<div class=\"loop style-1 global-style image post-3083 portfolio type-portfolio status-publish has-post-thumbnail hentry portfolio_categories-coresatin\" id=\"portfolio-3083\">\n\n\t \n\t\t\t\t<figure class=\"image-thumbnail\">\n\t\t\t\t\t<a href=\"http:\/\/www.biancopharma.com.tr\/index.php\/urun\/coresatin-barrier-lotion\/\" target=\"_self\" title=\"Coresatin<sup>&reg;<\/sup> Barrier Lotion\"><img src=\"http:\/\/www.biancopharma.com.tr\/wp-content\/uploads\/2017\/06\/barrierlosyon-600x900.jpg\" alt=\"\" class=\"\" \/><\/a>\n\t\t\t\t<\/figure>\n\n\t\t\t\t<section class=\"text\">\n\t\t\t\t\t<h5 class=\"title\"><a href=\"http:\/\/www.biancopharma.com.tr\/index.php\/urun\/coresatin-barrier-lotion\/\" target=\"_self\" rel=\"bookmark\">Coresatin<sup>&reg;<\/sup> Barrier Lotion<\/a><\/h5>\n\t\t\t\t\t\n\t\t\t\t\t\t\n\t\t\t\t\t<a class=\"read_more\" href=\"http:\/\/www.biancopharma.com.tr\/index.php\/urun\/coresatin-barrier-lotion\/\" target=\"_self\" rel=\"bookmark\">read more<\/a>\t\n\t\t\t\t<\/section>  \n\t\t\t\n<\/div> \n<!-- \/ portfolio box-->\n<\/div>\n<\/div>\n<div class=\"row fixed_heights clearfix\">\n<div class=\"col col-sm-4   coresatin\">\n \n\n<!-- portfolio box-->\n<div class=\"loop style-1 global-style image post-3348 portfolio type-portfolio status-publish has-post-thumbnail hentry portfolio_categories-coresatin\" id=\"portfolio-3348\">\n\n\t \n\t\t\t\t<figure class=\"image-thumbnail\">\n\t\t\t\t\t<a href=\"http:\/\/www.biancopharma.com.tr\/index.php\/urun\/coresatin-barrier-lotion-50-ml\/\" target=\"_self\" title=\"Coresatin<sup>&reg;<\/sup> Barrier Lotion 50 ml\"><img src=\"http:\/\/www.biancopharma.com.tr\/wp-content\/uploads\/2017\/06\/barrierlosyon-600x900.jpg\" alt=\"\" class=\"\" \/><\/a>\n\t\t\t\t<\/figure>\n\n\t\t\t\t<section class=\"text\">\n\t\t\t\t\t<h5 class=\"title\"><a href=\"http:\/\/www.biancopharma.com.tr\/index.php\/urun\/coresatin-barrier-lotion-50-ml\/\" target=\"_self\" rel=\"bookmark\">Coresatin<sup>&reg;<\/sup> Barrier Lotion 50 ml<\/a><\/h5>\n\t\t\t\t\t\n\t\t\t\t\t\t\n\t\t\t\t\t<a class=\"read_more\" href=\"http:\/\/www.biancopharma.com.tr\/index.php\/urun\/coresatin-barrier-lotion-50-ml\/\" target=\"_self\" rel=\"bookmark\">read more<\/a>\t\n\t\t\t\t<\/section>  \n\t\t\t\n<\/div> \n<!-- \/ portfolio box-->\n<\/div>\n<div class=\"col col-sm-4   coresatin\">\n \n\n<!-- portfolio box-->\n<div class=\"loop style-1 global-style image post-3088 portfolio type-portfolio status-publish has-post-thumbnail hentry portfolio_categories-coresatin\" id=\"portfolio-3088\">\n\n\t \n\t\t\t\t<figure class=\"image-thumbnail\">\n\t\t\t\t\t<a href=\"http:\/\/www.biancopharma.com.tr\/index.php\/urun\/coresatin-barrier-p-cream\/\" target=\"_self\" title=\"Coresatin<sup>&reg;<\/sup> Barrier P-Cream\"><img src=\"http:\/\/www.biancopharma.com.tr\/wp-content\/uploads\/2017\/06\/barrier-p-600x900.jpg\" alt=\"\" class=\"\" \/><\/a>\n\t\t\t\t<\/figure>\n\n\t\t\t\t<section class=\"text\">\n\t\t\t\t\t<h5 class=\"title\"><a href=\"http:\/\/www.biancopharma.com.tr\/index.php\/urun\/coresatin-barrier-p-cream\/\" target=\"_self\" rel=\"bookmark\">Coresatin<sup>&reg;<\/sup> Barrier P-Cream<\/a><\/h5>\n\t\t\t\t\t\n\t\t\t\t\t\t\n\t\t\t\t\t<a class=\"read_more\" href=\"http:\/\/www.biancopharma.com.tr\/index.php\/urun\/coresatin-barrier-p-cream\/\" target=\"_self\" rel=\"bookmark\">read more<\/a>\t\n\t\t\t\t<\/section>  \n\t\t\t\n<\/div> \n<!-- \/ portfolio box-->\n<\/div>\n<div class=\"col col-sm-4   coresatin urunler\">\n \n\n<!-- portfolio box-->\n<div class=\"loop style-1 global-style image post-3388 portfolio type-portfolio status-publish has-post-thumbnail hentry portfolio_categories-coresatin portfolio_categories-urunler\" id=\"portfolio-3388\">\n\n\t \n\t\t\t\t<figure class=\"image-thumbnail\">\n\t\t\t\t\t<a href=\"http:\/\/www.biancopharma.com.tr\/index.php\/urun\/coresatin-scalp-lotion\/\" target=\"_self\" title=\"Coresatin<sup>&reg;<\/sup> Scalp Lotion\"><img src=\"http:\/\/www.biancopharma.com.tr\/wp-content\/uploads\/2019\/05\/Scalp-600x900.jpg\" alt=\"\" class=\"\" \/><\/a>\n\t\t\t\t<\/figure>\n\n\t\t\t\t<section class=\"text\">\n\t\t\t\t\t<h5 class=\"title\"><a href=\"http:\/\/www.biancopharma.com.tr\/index.php\/urun\/coresatin-scalp-lotion\/\" target=\"_self\" rel=\"bookmark\">Coresatin<sup>&reg;<\/sup> Scalp Lotion<\/a><\/h5>\n\t\t\t\t\t\n\t\t\t\t\t\t\n\t\t\t\t\t<a class=\"read_more\" href=\"http:\/\/www.biancopharma.com.tr\/index.php\/urun\/coresatin-scalp-lotion\/\" target=\"_self\" rel=\"bookmark\">read more<\/a>\t\n\t\t\t\t<\/section>  \n\t\t\t\n<\/div> \n<!-- \/ portfolio box-->\n<\/div>\n<\/div>\n<div class=\"row fixed_heights clearfix\">\n<div class=\"col col-sm-4  \">\n \n\n<!-- portfolio box-->\n<div class=\"loop style-1 global-style image post-3354 portfolio type-portfolio status-publish has-post-thumbnail hentry\" id=\"portfolio-3354\">\n\n\t \n\t\t\t\t<figure class=\"image-thumbnail\">\n\t\t\t\t\t<a href=\"http:\/\/www.biancopharma.com.tr\/index.php\/urun\/oniko-inceltici-losyon\/\" target=\"_self\" title=\"Oniko \u0130nceltici Losyon\"><img src=\"http:\/\/www.biancopharma.com.tr\/wp-content\/uploads\/2019\/05\/\u0130nceltici-2-600x900.jpg\" alt=\"\" class=\"\" \/><\/a>\n\t\t\t\t<\/figure>\n\n\t\t\t\t<section class=\"text\">\n\t\t\t\t\t<h5 class=\"title\"><a href=\"http:\/\/www.biancopharma.com.tr\/index.php\/urun\/oniko-inceltici-losyon\/\" target=\"_self\" rel=\"bookmark\">Oniko \u0130nceltici Losyon<\/a><\/h5>\n\t\t\t\t\t\n\t\t\t\t\t\t\n\t\t\t\t\t<a class=\"read_more\" href=\"http:\/\/www.biancopharma.com.tr\/index.php\/urun\/oniko-inceltici-losyon\/\" target=\"_self\" rel=\"bookmark\">read more<\/a>\t\n\t\t\t\t<\/section>  \n\t\t\t\n<\/div> \n<!-- \/ portfolio box-->\n<\/div>\n<div class=\"col col-sm-4   oniko urunler\">\n \n\n<!-- portfolio box-->\n<div class=\"loop style-1 global-style image post-3370 portfolio type-portfolio status-publish has-post-thumbnail hentry portfolio_categories-oniko portfolio_categories-urunler\" id=\"portfolio-3370\">\n\n\t \n\t\t\t\t<figure class=\"image-thumbnail\">\n\t\t\t\t\t<a href=\"http:\/\/www.biancopharma.com.tr\/index.php\/urun\/oniko-tirnak-losyon\/\" target=\"_self\" title=\"Oniko T\u0131rnak Losyon\"><img src=\"http:\/\/www.biancopharma.com.tr\/wp-content\/uploads\/2019\/05\/losyon2-1-600x900.jpg\" alt=\"\" class=\"\" \/><\/a>\n\t\t\t\t<\/figure>\n\n\t\t\t\t<section class=\"text\">\n\t\t\t\t\t<h5 class=\"title\"><a href=\"http:\/\/www.biancopharma.com.tr\/index.php\/urun\/oniko-tirnak-losyon\/\" target=\"_self\" rel=\"bookmark\">Oniko T\u0131rnak Losyon<\/a><\/h5>\n\t\t\t\t\t\n\t\t\t\t\t\t\n\t\t\t\t\t<a class=\"read_more\" href=\"http:\/\/www.biancopharma.com.tr\/index.php\/urun\/oniko-tirnak-losyon\/\" target=\"_self\" rel=\"bookmark\">read more<\/a>\t\n\t\t\t\t<\/section>  \n\t\t\t\n<\/div> \n<!-- \/ portfolio box-->\n<\/div>\n<div class=\"col col-sm-4  \">\n \n\n<!-- portfolio box-->\n<div class=\"loop style-1 global-style image post-3376 portfolio type-portfolio status-publish has-post-thumbnail hentry\" id=\"portfolio-3376\">\n\n\t \n\t\t\t\t<figure class=\"image-thumbnail\">\n\t\t\t\t\t<a href=\"http:\/\/www.biancopharma.com.tr\/index.php\/urun\/oniko-tirnak-teli\/\" target=\"_self\" title=\"Oniko T\u0131rnak Teli\"><img src=\"http:\/\/www.biancopharma.com.tr\/wp-content\/uploads\/2019\/05\/tel2-600x900.jpg\" alt=\"\" class=\"\" \/><\/a>\n\t\t\t\t<\/figure>\n\n\t\t\t\t<section class=\"text\">\n\t\t\t\t\t<h5 class=\"title\"><a href=\"http:\/\/www.biancopharma.com.tr\/index.php\/urun\/oniko-tirnak-teli\/\" target=\"_self\" rel=\"bookmark\">Oniko T\u0131rnak Teli<\/a><\/h5>\n\t\t\t\t\t\n\t\t\t\t\t\t\n\t\t\t\t\t<a class=\"read_more\" href=\"http:\/\/www.biancopharma.com.tr\/index.php\/urun\/oniko-tirnak-teli\/\" target=\"_self\" rel=\"bookmark\">read more<\/a>\t\n\t\t\t\t<\/section>  \n\t\t\t\n<\/div> \n<!-- \/ portfolio box-->\n<\/div>\n<\/div>\n<div class=\"row fixed_heights clearfix\">\n<div class=\"col col-sm-4   urunler\">\n \n\n<!-- portfolio box-->\n<div class=\"loop style-1 global-style image post-3380 portfolio type-portfolio status-publish has-post-thumbnail hentry portfolio_categories-urunler\" id=\"portfolio-3380\">\n\n\t \n\t\t\t\t<figure class=\"image-thumbnail\">\n\t\t\t\t\t<a href=\"http:\/\/www.biancopharma.com.tr\/index.php\/urun\/oniko-ekstra-sarmal\/\" target=\"_self\" title=\"Oniko Ekstra Sarmal\"><img src=\"http:\/\/www.biancopharma.com.tr\/wp-content\/uploads\/2019\/05\/sarmal2-600x900.jpg\" alt=\"\" class=\"\" \/><\/a>\n\t\t\t\t<\/figure>\n\n\t\t\t\t<section class=\"text\">\n\t\t\t\t\t<h5 class=\"title\"><a href=\"http:\/\/www.biancopharma.com.tr\/index.php\/urun\/oniko-ekstra-sarmal\/\" target=\"_self\" rel=\"bookmark\">Oniko Ekstra Sarmal<\/a><\/h5>\n\t\t\t\t\t\n\t\t\t\t\t\t\n\t\t\t\t\t<a class=\"read_more\" href=\"http:\/\/www.biancopharma.com.tr\/index.php\/urun\/oniko-ekstra-sarmal\/\" target=\"_self\" rel=\"bookmark\">read more<\/a>\t\n\t\t\t\t<\/section>  \n\t\t\t\n<\/div> \n<!-- \/ portfolio box-->\n<\/div>\n<div class=\"col col-sm-4  \">\n \n\n<!-- portfolio box-->\n<div class=\"loop style-1 global-style image post-3384 portfolio type-portfolio status-publish has-post-thumbnail hentry\" id=\"portfolio-3384\">\n\n\t \n\t\t\t\t<figure class=\"image-thumbnail\">\n\t\t\t\t\t<a href=\"http:\/\/www.biancopharma.com.tr\/index.php\/urun\/oniko-tirnak-alti-yastikcik\/\" target=\"_self\" title=\"Oniko T\u0131rnak Alt\u0131 Yast\u0131k\u00e7\u0131k\"><img src=\"http:\/\/www.biancopharma.com.tr\/wp-content\/uploads\/2019\/05\/yast\u0131k\u00e7\u0131k2-600x900.jpg\" alt=\"\" class=\"\" \/><\/a>\n\t\t\t\t<\/figure>\n\n\t\t\t\t<section class=\"text\">\n\t\t\t\t\t<h5 class=\"title\"><a href=\"http:\/\/www.biancopharma.com.tr\/index.php\/urun\/oniko-tirnak-alti-yastikcik\/\" target=\"_self\" rel=\"bookmark\">Oniko T\u0131rnak Alt\u0131 Yast\u0131k\u00e7\u0131k<\/a><\/h5>\n\t\t\t\t\t\n\t\t\t\t\t\t\n\t\t\t\t\t<a class=\"read_more\" href=\"http:\/\/www.biancopharma.com.tr\/index.php\/urun\/oniko-tirnak-alti-yastikcik\/\" target=\"_self\" rel=\"bookmark\">read more<\/a>\t\n\t\t\t\t<\/section>  \n\t\t\t\n<\/div> \n<!-- \/ portfolio box-->\n<\/div>\n<\/div>\n<\/div>\n[\/vc_column][\/vc_row]<\/p>\n","protected":false},"excerpt":{"rendered":"<p>[vc_row rt_row_background_width=&#8221;fullwidth&#8221; rt_row_content_width=&#8221;fullwidth&#8221; rt_row_style=&#8221;default-style&#8221; rt_row_height=&#8221;&#8221; rt_row_borders=&#8221;&#8221; rt_row_shadows=&#8221;&#8221; rt_column_gaps=&#8221;&#8221; rt_row_paddings=&#8221;true&#8221; rt_bg_effect=&#8221;classic&#8221; rt_transparent_bg=&#8221;&#8221; rt_bg_image_repeat=&#8221;repeat&#8221; rt_bg_size=&#8221;cover&#8221; rt_bg_position=&#8221;right top&#8221; rt_bg_attachment=&#8221;scroll&#8221; rt_bg_video_format=&#8221;self-hosted&#8221; rt_padding_left=&#8221;0&#8243; rt_padding_right=&#8221;0&#8243;][vc_column rt_col_paddings=&#8221;false&#8221; rt_wrp_col_paddings=&#8221;false&#8221; rt_column_shadow=&#8221;&#8221; rt_border_top=&#8221;&#8221; rt_border_bottom=&#8221;&#8221; rt_border_left=&#8221;&#8221; rt_border_right=&#8221;&#8221; rt_border_top_mobile=&#8221;&#8221; rt_border_bottom_mobile=&#8221;&#8221; rt_border_left_mobile=&#8221;&#8221; rt_border_right_mobile=&#8221;&#8221; rt_bg_image_repeat=&#8221;repeat&#8221; rt_bg_size=&#8221;auto auto&#8221; rt_bg_position=&#8221;right top&#8221; rt_bg_attachment=&#8221;scroll&#8221; rt_bg_color=&#8221;&#8221; rt_bg_overlay_color=&#8221;&#8221;][\/vc_column][\/vc_row&#8230; <a class=\"more-link\" href=\"http:\/\/www.biancopharma.com.tr\/index.php\/urun\/oniko-tirnak-alti-yastikcik\/\">Continue reading<\/a><\/p>\n","protected":false},"author":1,"featured_media":0,"parent":0,"menu_order":0,"comment_status":"closed","ping_status":"closed","template":"","meta":[],"_links":{"self":[{"href":"http:\/\/www.biancopharma.com.tr\/index.php\/wp-json\/wp\/v2\/pages\/2802"}],"collection":[{"href":"http:\/\/www.biancopharma.com.tr\/index.php\/wp-json\/wp\/v2\/pages"}],"about":[{"href":"http:\/\/www.biancopharma.com.tr\/index.php\/wp-json\/wp\/v2\/types\/page"}],"author":[{"embeddable":true,"href":"http:\/\/www.biancopharma.com.tr\/index.php\/wp-json\/wp\/v2\/users\/1"}],"replies":[{"embeddable":true,"href":"http:\/\/www.biancopharma.com.tr\/index.php\/wp-json\/wp\/v2\/comments?post=2802"}],"version-history":[{"count":8,"href":"http:\/\/www.biancopharma.com.tr\/index.php\/wp-json\/wp\/v2\/pages\/2802\/revisions"}],"predecessor-version":[{"id":3369,"href":"http:\/\/www.biancopharma.com.tr\/index.php\/wp-json\/wp\/v2\/pages\/2802\/revisions\/3369"}],"wp:attachment":[{"href":"http:\/\/www.biancopharma.com.tr\/index.php\/wp-json\/wp\/v2\/media?parent=2802"}],"curies":[{"name":"wp","href":"https:\/\/api.w.org\/{rel}","templated":true}]}}